alse
Is 182119204 a multiple of 3961?
False
Is 2 a factor of 179384?
True
Is 31302817 a multiple of 779?
False
Is 2503667775 a multiple of 1785?
True
Does 297 divide 6177600?
True
Is 390289597 a multiple of 752?
False
Is 25730114 a multiple of 287?
False
Is 74 a factor of 36845417?
False
Is 222455786 a multiple of 1394?
False
Is 6158600 a multiple of 7?
True
Is 62306677 a multiple of 2?
False
Does 1339 divide 152085547?
False
Does 102 divide 27294180?
True
Is 39006919 a multiple of 161?
True
Does 969 divide 3137292540?
True
Is 31 a factor of 78724316?
False
Is 1012114 a multiple of 129?
False
Does 639 divide 10296207?
True
Is 4628927360 a multiple of 1420?
True
Is 17 a factor of 15907240?
True
Does 95 divide 3454098?
False
Is 13 a factor of 679208205?
True
Is 61760529 a multiple of 27?
True
Is 14 a factor of 168990724?
True
Is 15513717 a multiple of 41?
False
Is 48 a factor of 149344740?
False
Is 81 a factor of 32111397?
True
Is 1690507440 a multiple of 4176?
True
Is 5 a factor of 5589750?
True
Is 28 a factor of 2222125612?
True
Does 21 divide 5137777?
False
Does 4 divide 498588186?
False
Is 570021141 a multiple of 21?
False
Does 2281 divide 517080950?
False
Does 10 divide 90297320?
True
Is 246501974 a multiple of 1959?
False
Is 73 a factor of 436949457?
True
Is 3119742144 a multiple of 4832?
True
Is 804 a factor of 184396143?
False
Does 16 divide 4948899558?
False
Is 83121240 a multiple of 485?
True
Is 40866891 a multiple of 600?
False
Does 1806 divide 72586956?
False
Does 2 divide 1688107?
False
Is 31 a factor of 111390427?
False
Is 45 a factor of 27037447?
False
Does 2365 divide 249945025?
True
Does 11 divide 55697161?
False
Does 3392 divide 1576838278?
False
Is 11 a factor of 37173334?
True
Does 1357 divide 849031459?
False
Does 1919 divide 146598308?
False
Is 1667884998 a multiple of 142?
True
Is 57340845 a multiple of 1915?
True
Is 98 a factor of 109743242?
True
Is 115571448 a multiple of 108?
True
Does 531 divide 65854620?
True
Does 87 divide 8915934?
True
Is 1310570156 a multiple of 881?
False
Is 1204 a factor of 16684772?
False
Is 748802586 a multiple of 2814?
True
Is 4 a factor of 27357714?
False
Is 87098700 a multiple of 598?
True
Is 19626196 a multiple of 489?
False
Is 52869240 a multiple of 540?
True
Is 3090895965 a multiple of 6340?
False
Does 8 divide 958094904?
True
Does 100 divide 49341893?
False
Is 72228988 a multiple of 26?
True
Is 28 a factor of 3915648520?
True
Is 84257031 a multiple of 3?
True
Is 284 a factor of 237103887?
False
Is 1390616 a multiple of 3?
False
Is 36 a factor of 59113652?
False
Does 5 divide 12219810?
True
Is 4 a factor of 225164?
True
Is 2297470670 a multiple of 5?
True
Does 5465 divide 248134925?
False
Does 470 divide 44131999?
False
Does 760 divide 30336920?
True
Does 555 divide 14676072?
False
Does 40 divide 14638393?
False
Is 23 a factor of 2047660729?
False
Is 421 a factor of 121405454?
True
Is 42030336 a multiple of 24?
True
Is 101082852 a multiple of 38?
False
Is 5 a factor of 1257960003?
False
Is 12 a factor of 2638375328?
False
Is 1270998382 a multiple of 11?
False
Is 6 a factor of 3891174444?
True
Does 94 divide 2413652932?
False
Does 10 divide 283145221?
False
Is 171 a factor of 259141974?
False
Is 15 a factor of 1662041685?
True
Is 9 a factor of 2220359164?
False
Does 886 divide 515158647?
False
Does 522 divide 1723539?
False
Is 634579638 a multiple of 1367?
False
Is 2503734015 a multiple of 15?
True
Does 117 divide 152103318?
False
Is 90053939 a multiple of 993?
False
Is 205859208 a multiple of 318?
True
Is 189315738 a multiple of 53?
False
Is 35 a factor of 13046369?
False
Does 15 divide 26283900?
True
Is 288434874 a multiple of 1390?
False
Is 252 a factor of 61852240?
False
Is 65104960 a multiple of 2480?
True
Is 16 a factor of 11391473?
False
Is 1164 a factor of 933181128?
True
Does 2127 divide 53546886?
False
Is 16366147 a multiple of 18?
False
Is 142823681 a multiple of 221?
True
Is 13 a factor of 48660027?
True
Is 21 a factor of 139294133?
False
Does 22 divide 101119964?
True
Is 15 a factor of 4589250?
True
Is 10 a factor of 5725590?
True
Does 2229 divide 34160874?
False
Is 10404 a factor of 2913973128?
True
Is 23402266 a multiple of 358?
False
Is 4675896 a multiple of 28?
False
Is 73 a factor of 15251014?
True
Does 382 divide 9023252?
False
Does 434 divide 77128073?
False
Is 1100 a factor of 2012510500?
True
Is 469 a factor of 78322531?
True
Does 27 divide 13106016?
True
Is 1193 a factor of 1837701972?
True
Does 372 divide 13946280?
True
Is 11 a factor of 6553327?
True
Does 3 divide 4310211?
True
Is 14 a factor of 13115038?
False
Does 109 divide 462974230?
True
Is 70267058 a multiple of 29?
True
Does 5487 divide 189361283?
False
Is 634285033 a multiple of 19?
False
Is 227 a factor of 797526045?
False
Is 45347387 a multiple of 111?
False
Is 1408958480 a multiple of 2440?
True
Is 3439401357 a multiple of 1705?
False
Does 1602 divide 917260344?
True
Does 10 divide 1032897816?
False
Is 141784808 a multiple of 1038?
False
Does 59 divide 19004195?
True
Is 322 a factor of 102924724?
True
Is 56346188 a multiple of 77?
False
Is 463 a factor of 166207963?
False
Is 29768343 a multiple of 86?
False
Is 508 a factor of 41208960?
True
Is 326747443 a multiple of 58?
False
Is 42724694 a multiple of 3072?
False
Is 1129929688 a multiple of 5?
False
Is 42055805 a multiple of 3?
False
Is 491 a factor of 994602988?
True
Does 12 divide 9481068?
True
Does 15 divide 6974004?
False
Is 235581137 a multiple of 19?
False
Does 3354 divide 21123492?
True
Is 29 a factor of 26881579?
True
Is 1155209513 a multiple of 5?
False
Is 1204552 a multiple of 17?
True
Is 3 a factor of 90320708?
False
Is 199 a factor of 764612725?
True
Does 56 divide 94073549?
False
Does 14 divide 30446140?
False
Does 4823 divide 709680335?
True
Does 14 divide 713803678?
True
Does 2891 divide 939522962?
True
Does 103 divide 921119421?
True
Does 9 divide 10336059?
True
Is 361 a factor of 5976047?
False
Is 70 a factor of 47288745?
False
Is 24640854 a multiple of 14?
True
Does 105 divide 13550250?
True
Is 40 a factor of 1696080?
True
Is 142 a factor of 100039319?
False
Does 12 divide 3854400?
True
Is 54144760 a multiple of 1028?
True
Does 3212 divide 154934032?
True
Does 427 divide 566554702?
True
Is 487 a factor of 134114660?
False
Is 1182 a factor of 179577714?
True
Is 1291758 a multiple of 78?
True
Is 372 a factor of 442904953?
False
Does 105 divide 9057720?
True
Does 28 divide 158448976?
True
Is 107 a factor of 970676822?
True
Does 21 divide 72786722?
False
Is 145404151 a multiple of 21?
False
Is 14 a factor of 1602187030?
False
Does 25 divide 97090150?
True
Is 477761284 a multiple of 22?
True
Is 117833620 a multiple of 2776?
False
Is 38 a factor of 1424906012?
False
Is 1487847609 a multiple of 4287?
False
Does 233 divide 42399320?
False
Is 19 a factor of 37184786?
True
Is 1893990514 a multiple of 13?
True
Does 8 divide 2773162499?
False
Is 14591928 a multiple of 38?
False
Is 15 a factor of 28796355?
True
Does 2065 divide 141871711?
False
Is 14326662 a multiple of 302?
False
Does 24 divide 21176688?
True
Is 238408818 a multiple of 108?
False
Does 124 divide 1225692501?
False
Is 84 a factor of 4009441128?
True
Does 11 divide 133753150?
False
Is 29317288 a multiple of 22?
True
Does 193 divide 24508298?
True
Does 1045 divide 26447905?
True
Does 103 divide 57082513?
False
Is 2351860 a multiple of 535?
True
Is 184 a factor of 94719704?
True
Does 1341 divide 231976315?
False
Does 393 divide 14389129?
False
Does 73 divide 238452072?
False
Is 979 a factor of 7640116?
True
Is 436 a factor of 679227660?
False
Does 411 divide 6581754?
True
Is 22097144 a multiple of 799?
True
Does 18 divide 237286962?
True
Does 84 divide 215416600?
False
Is 37165495 a multiple of 106?
False
Is 4972771 a multiple of 24?
False
Is 760883541 a multiple of 946?
False
Is 354155600 a multiple of 170?
False
Is 12048019 a multiple of 5?
False
Is 2015678970 a multiple of 222?
True
Is 355127135 a multiple of 737?
True
Does 812 divide 1199001539?
False
Is 232 a factor of 12730072?
True
Is 4938039 a multiple of 14?
False
Is 92 a factor of 3205198?
False
Is 13287323 a multiple of 24?
False
Does 5611 divide 875444896?
False
Is 513 a factor of 161181448?
False
Does 34 divide 871949